 and 1842358.
238
What is the greatest common divisor of 855 and 3075?
15
What is the highest common divisor of 975 and 432?
3
Calculate the highest common divisor of 14773 and 6952.
869
Calculate the greatest common factor of 360 and 121032.
72
What is the greatest common factor of 1364923 and 7?
7
Calculate the highest common factor of 3161 and 4687.
109
What is the highest common divisor of 694 and 36782?
694
Calculate the highest common factor of 2450 and 71246.
98
What is the greatest common divisor of 82624 and 384?
64
What is the greatest common divisor of 358363 and 368?
23
What is the greatest common factor of 14 and 390047?
7
Calculate the highest common factor of 76 and 396663.
19
What is the greatest common factor of 6915 and 630?
15
Calculate the greatest common factor of 1110111 and 146.
73
What is the greatest common factor of 1404 and 65718?
54
Calculate the highest common divisor of 18699 and 9637.
23
What is the highest common divisor of 31 and 5037686?
31
Calculate the highest common factor of 312 and 4992.
312
Calculate the highest common factor of 343114 and 368.
46
What is the highest common factor of 3835 and 2891?
59
Calculate the greatest common divisor of 167 and 2181521.
167
Calculate the greatest common factor of 141312 and 1104.
1104
What is the highest common factor of 1155 and 7875?
105
What is the highest common factor of 12 and 25032?
12
Calculate the greatest common factor of 204468 and 66.
66
What is the greatest common divisor of 129319 and 85?
17
Calculate the greatest common divisor of 131 and 2.
1
What is the highest common factor of 1027810 and 70?
70
What is the highest common divisor of 3414 and 1384946?
1138
Calculate the highest common divisor of 142 and 79094.
142
Calculate the highest common factor of 3045 and 32655.
105
What is the highest common divisor of 264740 and 336?
28
Calculate the highest common divisor of 6438 and 2523.
87
What is the greatest common divisor of 21952 and 128?
64
What is the greatest common factor of 38970 and 180?
90
Calculate the highest common divisor of 2440783 and 46.
23
Calculate the highest common factor of 6606 and 3711471.
1101
Calculate the highest common factor of 9940 and 364.
28
Calculate the greatest common factor of 998 and 2.
2
Calculate the greatest common divisor of 1324995 and 105.
105
What is the greatest common factor of 40 and 762980?
20
Calculate the highest common divisor of 4109 and 203689.
587
What is the highest common factor of 111120 and 4320?
240
What is the greatest common factor of 11670 and 270?
30
What is the greatest common divisor of 103305 and 1633?
71
What is the highest common divisor of 279 and 345929?
31
What is the highest common factor of 390 and 1830?
30
What is the greatest common factor of 330012 and 46992?
1068
What is the highest common divisor of 1084466 and 1011?
337
What is the highest common divisor of 123 and 21853?
41
Calculate the highest common factor of 144788 and 476.
28
What is the greatest common factor of 6908 and 30301?
157
What is the highest common divisor of 2461173 and 429?
429
Calculate the greatest common divisor of 87020 and 836.
76
Calculate the greatest common divisor of 324 and 666.
18
Calculate the greatest common divisor of 153 and 951.
3
What is the highest common factor of 4166 and 1186?
2
What is the highest common divisor of 361 and 171?
19
Calculate the greatest common factor of 920 and 6940480.
920
What is the greatest common factor of 157868 and 244?
244
Calculate the highest common divisor of 238 and 482902.
238
What is the highest common factor of 867776 and 22946?
2086
Calculate the greatest common divisor of 159 and 69589.
53
Calculate the highest common factor of 1251 and 287174.
139
Calculate the highest common factor of 6564 and 960.
12
Calculate the greatest common factor of 6213 and 1482.
57
Calculate the highest common factor of 288 and 1297314.
18
Calculate the greatest common divisor of 8635 and 55.
55
Calculate the highest common divisor of 193 and 23.
1
What is the greatest common divisor of 62822 and 808?
202
Calculate the greatest common divisor of 24 and 688728.
24
What is the greatest common divisor of 119130 and 330?
330
Calculate the highest common factor of 61320 and 181020.
420
What is the highest common divisor of 196 and 588448?
28
Calculate the highest common factor of 1522 and 1271631.
761
Calculate the greatest common divisor of 66899 and 7049.
133
What is the greatest common factor of 6300 and 3075?
75
Calculate the greatest common factor of 11648 and 73528.
728
What is the greatest common divisor of 966 and 16583?
161
What is the highest common divisor of 905 and 13288115?
905
What is the highest common divisor of 264154 and 220?
22
Calculate the highest common divisor of 333 and 650867.
37
What is the greatest common factor of 58 and 2398735?
29
What is the highest common divisor of 28164 and 54?
6
What is the highest common factor of 110 and 664730?
110
What is the greatest common divisor of 195 and 135555?
15
Calculate the greatest common divisor of 45612 and 532.
28
What is the greatest common factor of 363678 and 7?
7
Calculate the greatest common divisor of 441 and 46207.
49
What is the greatest common factor of 781 and 42515?
11
What is the greatest common divisor of 143 and 61853?
11
Calculate the greatest common divisor of 6069 and 9537.
867
Calculate the highest common divisor of 3384 and 30221.
47
Calculate the greatest common factor of 48370 and 875.
35
Calculate the highest common divisor of 4654 and 5876.
26
What is the greatest common divisor of 1147706 and 219?
73
What is the greatest common factor of 93898 and 406?
14
Calculate the highest common divisor of 169873 and 22.
11
What is the highest common divisor of 96 and 60576?
96
What is the greatest common divisor of 3 and 23326?
1
What is the greatest common divisor of 81838 and 24650?
986
What is the greatest common divisor of 63 and 932043?
21
What is the highest common factor of 410200 and 840?
280
Calculate the greatest common divisor of 118 and 4031647.
59
What is the greatest common factor of 10260 and 95380?
380
What is the highest common divisor of 66890 and 80?
10
What is the highest common factor of 144 and 468?
36
What is the greatest common divisor of 7968 and 3?
3
What is the greatest common divisor of 8164 and 289508?
628
Calculate the highest common divisor of 139 and 3819581.
139
What is the greatest common divisor of 195804 and 6174?
882
Calculate the highest common divisor of 154 and 15232.
14
What is the greatest common factor of 1914 and 219384?
66
Calculate the highest common factor of 22245622 and 302.
302
What is the greatest common divisor of 28 and 41692?
28
What is the greatest common divisor of 7007 and 2156?
539
Calculate the greatest common factor of 10 and 324365.
5
Calculate the highest common divisor of 14 and 1222473.
7
Calculate the highest common divisor of 36 and 49023.
9
What is the highest common factor of 176 and 1092740?
44
What is the highest common factor of 34946 and 4242?
202
Calculate the highest common divisor of 113470 and 140.
70
Calculate the greatest common factor of 42 and 15141042.
42
Calculate the highest common factor of 16 and 60296.
8
Calculate the greatest common divisor of 184 and 11317288.
184
Calculate the greatest common factor of 6 and 19221.
3
Calculate the highest common factor of 16709 and 242.
11
What is the highest common divisor of 10944 and 40356?
684
What is the greatest common divisor of 2968254 and 4635?
927
Calculate the greatest common divisor of 1155 and 2090.
55
What is the highest common divisor of 1689738 and 6?
6
Calculate the greatest common factor of 20567 and 393.
131
What is the greatest common factor of 5263 and 831?
277
Calculate the highest common factor of 1380 and 22908.
276
What is the highest common divisor of 2505 and 405?
15
Calculate the greatest common divisor of 130815 and 459.
459
What is the greatest common factor of 562448 and 32?
16
Calculate the highest common divisor of 6 and 2938251.
3
What is the highest common factor of 212 and 14578180?
212
What is the greatest common divisor of 93 and 34689?
93
Calculate the highest common divisor of 510 and 42670.
170
What is the highest common divisor 